.
-8
Let i(z) = -37*z + 1397. What is i(63)?
-934
Let f(o) = 6*o**2 + 208*o - 21512. Determine f(45).
-2
Let q(p) = 47*p**2 + 15*p - 43. What is q(6)?
1739
Let x(b) = 2*b**3 + 371*b**2 - 4540*b - 1768. Calculate x(-197).
5
Let v(j) = -9*j**3 - 17*j**2 + 3613*j + 3616. Calculate v(-1).
-5
Let u(k) = -56*k**3 - 2409*k**2 - 22*k - 25. Determine u(-43).
-928
Let g(p) = 4208*p + 75798. What is g(-18)?
54
Let b(r) = -12*r**2 + 13*r - 35. Calculate b(-3).
-182
Let p(l) = 1048*l + 9458. Calculate p(-9).
26
Let a(i) = 500*i - 16391. What is a(33)?
109
Let m(z) = -2*z**2 + 36*z + 2124. Calculate m(-25).
-26
Let o(n) = n**3 - 87*n**2 + 150*n + 359. Calculate o(85).
-1341
Let b(k) = -138*k + 30420. Calculate b(220).
60
Let h(b) = -14*b**2 + 269*b - 2. What is h(0)?
-2
Let b(w) = -5639*w + 11280. What is b(2)?
2
Let p(y) = -148*y + 6092. Give p(41).
24
Let a(j) = 8*j**3 - 330*j**2 + 92*j - 429. What is a(41)?
-19
Let l(a) = -88*a + 2967. Calculate l(27).
591
Let z(a) = 3797*a - 383551. Calculate z(101).
-54
Let y(b) = -b**3 + 76*b**2 + 751*b - 132. What is y(-9)?
-6
Let t(b) = 10*b**2 + 9467*b + 245642. What is t(-920)?
2
Let h(l) = -2*l**3 + 97*l**2 + 827*l - 62013. Give h(35).
7
Let t(u) = -12264*u - 20941. Calculate t(-2).
3587
Let f(i) = -4*i**3 - 802*i**2 - 479*i - 16518. Calculate f(-200).
-718
Let h(k) = k**3 - 31*k**2 + 266*k - 348. What is h(20)?
572
Let y(g) = -11*g**3 - 180*g**2 + 46*g - 1234. Calculate y(-17).
7
Let x(i) = -387*i + 14307. Give x(37).
-12
Let b(j) = -7*j**2 + 792*j + 21840. Calculate b(-27).
-4647
Let m(n) = 110*n - 30984. Calculate m(282).
36
Let d(p) = 3*p**3 - 2369*p**2 + 1521*p + 44970. What is d(789)?
-3
Let z(f) = 6549*f - 130967. Calculate z(20).
13
Let d(u) = 6*u**2 - 2477*u - 7433. What is d(-3)?
52
Let b(i) = -i**2 + 120552*i + 6633378. Give b(-55).
-7
Let v(q) = q**3 + 255*q**2 + 8072*q + 1320. Determine v(-218).
12
Let b(i) = -14*i**2 - 1721*i + 3621. Give b(-125).
-4
Let f(c) = -c**3 - 20*c**2 - 3969*c + 20465. Give f(5).
-5
Let j(h) = -2*h**2 + 3846*h + 23182. What is j(-6)?
34
Let p(n) = 454*n - 6679. Calculate p(13).
-777
Let p(j) = 6*j**2 - 4*j + 28. What is p(3)?
70
Let j(r) = -r**2 + 2240*r + 114175. Calculate j(-50).
-325
Let p(h) = -h**2 - 898*h - 41604. Determine p(-49).
-3
Let t(c) = 5*c**3 - 1197*c**2 - 659*c - 14594. Calculate t(240).
46
Let p(j) = -3*j**2 - 230*j - 2790. Determine p(-64).
-358
Let m(y) = 754*y - 4520. Determine m(4).
-1504
Let v(a) = -a**3 - 47*a**2 - 786*a - 4497. What is v(-13)?
-25
Let g(s) = 18*s**2 + 11777*s + 261340. Determine g(-23).
-9
Let t(b) = b**2 + 37354*b + 1007833. Give t(-27).
4
Let y(a) = 4*a**2 - 6*a + 694. What is y(-31)?
4724
Let m(r) = 28734*r - 1206848. What is m(42)?
-20
Let z(y) = -y**3 - 13*y**2 - 60*y - 69. Give z(-8).
91
Let y(t) = t**3 + 224*t**2 - 4100*t - 35. What is y(17)?
-86
Let b(h) = 4*h**3 + 28*h**2 - 1105*h - 6738. What is b(-6)?
36
Let y(d) = 432*d - 1719. Calculate y(4).
9
Let n(u) = 89758*u - 538544. Give n(6).
4
Let c(k) = -234*k**2 - 1613*k - 2. Calculate c(-7).
-177
Let x(l) = -3*l**3 - 2106*l**2 - 4224*l - 54. Determine x(-2).
-6
Let v(s) = -469*s - 80195. Determine v(-171).
4
Let s(t) = 525*t**2 - 5245*t - 21. Calculate s(10).
29
Let z(y) = 1492*y + 96982. Calculate z(-65).
2
Let p(m) = m**3 - 64*m**2 - 129*m - 180. Determine p(66).
18
Let s(p) = -2*p**2 - 8465*p - 285399. Calculate s(-34).
99
Let l(s) = s**3 + 39*s**2 - 217*s - 206. What is l(6)?
112
Let x(j) = -j**3 + 32*j**2 + 26*j + 36. What is x(33)?
-195
Let q(w) = w**3 - 446*w**2 + 993*w - 46626. Determine q(444).
-6
Let b(m) = -127*m**2 - 444*m - 104. Determine b(-4).
-360
Let p(m) = m**2 - 138*m + 631. Determine p(133).
-34
Let b(j) = -j**3 + 561*j**2 + 6247*j - 770. Determine b(-11).
-275
Let t(d) = -d**2 - 3647*d - 534594. Calculate t(-153).
-12
Let g(r) = -r**3 + 1485*r**2 + 5648*r - 1234. Calculate g(-4).
-2
Let l(t) = -t**3 + 563*t**2 - 78127*t + 1747. What is l(248)?
11
Let w(q) = -10341*q + 310227. Determine w(30).
-3
Let b(v) = 2*v**3 + 16*v**2 + 3*v - 188. Determine b(3).
19
Let j(c) = -c**2 - 7450*c - 200311. Give j(-27).
110
Let r(g) = 11169*g - 111650. Calculate r(10).
40
Let n(x) = x**2 + 42*x - 55587. Determine n(218).
1093
Let r(g) = 3*g**3 - 3619*g**2 - 882*g + 2518130. Determine r(1206).
2
Let o(j) = -j**3 - 25*j**2 + 11*j + 399. Determine o(-26).
789
Let k(d) = 14128*d - 126206. Determine k(9).
946
Let q(l) = 44*l**2 + 5*l + 18. Calculate q(-5).
1093
Let k(p) = -1448*p - 15038. What is k(-10)?
-558
Let j(v) = v**3 - 55*v**2 - 363*v + 7914. What is j(59)?
421
Let i(y) = 108*y**2 - 14. What is i(2)?
418
Let a(b) = 285*b - 14143. Determine a(49).
-178
Let g(x) = -327120*x - 7196600. Determine g(-22).
40
Let o(z) = z**3 - 50*z**2 + 1715*z - 81591. Determine o(49).
43
Let x(m) = -m**3 + 460*m**2 - 46345*m + 1798. What is x(311)?
-68
Let y(s) = -2*s**3 + 215*s**2 + 332*s - 380. Determine y(109).
165
Let c(i) = -124*i - 11075. What is c(-89)?
-39
Let i(d) = -18*d**2 - 18186*d - 36373. Calculate i(-2).
-73
Let c(y) = -183*y + 10511. Give c(58).
-103
Let d(q) = -569*q**3 + 3*q**2 - 17*q - 21. What is d(-1)?
568
Let n(l) = 6*l**2 + 185*l + 366. Give n(-3).
-135
Let j(v) = -221*v**2 + 369*v - 203. Calculate j(1).
-55
Let i(r) = -393*r - 3623. What is i(-12)?
1093
Let u(n) = 14*n**3 + 48*n**2 - 10*n + 40. Calculate u(-6).
-1196
Let u(t) = 26585*t + 1089984. What is u(-41)?
-1
Let i(m) = 14*m**2 - 100*m - 604. What is i(11)?
-10
Let u(t) = -20*t**3 - 499*t**2 + 29*t + 131. What is u(-25)?
31
Let g(k) = -216*k + 19804. What is g(90)?
364
Let b(w) = -627*w**3 - 33*w**2 + 9*w + 6. Give b(2).
-5124
Let z(r) = -321*r**3 - 104646*r**2 + 32*r + 10436. Give z(-326).
4
Let l(y) = -2*y**3 + 48*y**2 + 295*y - 209. Calculate l(29).
-64
Let p(m) = 18*m**3 + 6017*m**2 + 1738*m + 22705. Give p(-334).
-7
Let z(p) = 3068*p + 95108. Give z(-31).
0
Let v(w) = 11*w**3 - 249*w**2 - 61*w + 238. What is v(23)?
951
Let l(r) = 16*r**2 + 919*r - 69. What is l(-58)?
453
Let h(a) = a**3 + 7*a**2 + 1393*a - 8389. Calculate h(6).
437
Let q(s) = -s**3 + 184*s**2 - 4744*s + 121. Give q(153).
-32
Let y(v) = -6*v**2 + 181*v - 1139. Give y(22).
-61
Let x(t) = t**3 + 305*t**2 - 925*t + 96200. What is x(-309)?
101
Let f(w) = -w**3 + 328*w**2 + 439*w + 72931. Determine f(330).
1
Let m(x) = -2083*x + 99976. Determine m(48).
-8
Let w(n) = n**2 + 76*n - 508. Calculate w(6).
-16
Let u(k) = 8876*k - 177523. What is u(20)?
-3
Let k(i) = -52*i + 230. What is k(-2)?
334
Let o(h) = h**3 - 659*h**2 + 707*h - 32270. Calculate o(658).
-28
Let s(t) = t**3 - 481*t**2 - 27727*t + 5859. Determine s(533).
-4
Let m(r) = 30216*r + 997131. Calculate m(-33).
3
Let k(g) = 30807*g**2 + 92449*g + 80. Determine k(-3).
-4
Let w(f) = -2*f**3 + 13*f**2 - 599*f + 5818. Give w(9).
22
Let v(q) = 30*q**2 + 2294*q - 18327. What is v(8)?
1945
Let g(z) = 5*z**2 - 1041*z + 25239. What is g(28)?
11
Let v(i) = -87*i**2 - 3733*i + 332. Give v(-43).
-12
Let r(q) = -5*q**2 + 50793*q - 304735. Determine r(6).
-157
Let m(p) = -7*p**2 + 444*p - 1591. Calculate m(59).
238
Let m(s) = 3512*s - 221194. Calculate m(63).
62
Let s(k) = -263*k + 16740. What is s(45)?
4905
Let p(u) = 6592*u - 72710. Calculate p(11).
-198
Let r(o) = -o**2 + 28*o - 12. Give r(22).
120
Let r(z) = -5872*z - 5858. Give r(-1).
14
Let i(r) = r**3 + 62*r**2 + 599*r - 32. Give i(-50).
18
Let i(c) = -2*c**2 - 735*c - 6512. Give i(-9).
-59
Let t(d) = d**3 + 93*d**2 + 195*d + 1186. Calculate t(-91).
3
Let z(y) = 272*y**2 - 8162*y + 61. Give z(30).
1
Let z(b) = -6*b**3 - 20*b**2 + 123*b - 19. Calculate z(4).
-231
Let z(x) = 2172*x - 1646281. Calculate z(758).
95
Let n(t) = -281*t**2 + 115*t + 103. What is n(1)?
-63
Let o(k) = -k**3 + 75*k**2 + 1702*k - 123571. Give o(76).
5
Let l(d) = -1639656*d - 8198206. Calculate l(-5).
74
Let s(u) = 48*u**2 + 444*u + 827. Calculate s(-5).
-193
Let a(o) = 224*o - 18632. Determine a(85).
408
Let b(d) = -64769*d + 9715342. Give b(150).
-8
Let g(r) = 11*r**2 + 1597*r - 13479. What is g(8)?
1
Let d(c) = 22*c**2 - 324*c - 17714. Calculate d(-22).
62
Let x(r) = 2*r**3 - 43*r**2 - 88*r + 431. Determine x(23).
-6
Let g(k) = 4*k**3 + 21*k**2 - 7*k + 60. What is g(-5)?
120
Let x(b) = -117*b**2 - 549*b + 3. What is x(-9)?
-4533
Let m(x) = 7*x**2 + 80779*x + 322996. W